 p = d + o. What are the prime factors of p?
2, 11
Let s(f) = 6*f - 77. Let y be s(14). Suppose 5*c = -20, -i - 4*c = -5*i + 548. List the prime factors of 6/y*i/38.
3
Suppose 292*h = 306*h - 9380. List the prime factors of h.
2, 5, 67
Let a = 152 + 225. List the prime factors of a.
13, 29
List the prime factors of (126/(-56))/((-21)/16352).
2, 3, 73
Let j = 52 + -49. Suppose 2*m - 111 = -u + 7*m, -m = 4*u - 507. Suppose -u = -j*w - 9. List the prime factors of w.
3, 13
Let j = 3 - -3. Let a(l) = l**3 + 4*l**2 - 7*l + 5. Let h be a(j). Suppose 0 = -2*o + 2*y + 134, 0 = 5*o - y + 8 - h. List the prime factors of o.
2, 31
Suppose 127*q - 124*q = 1269. What are the prime factors of q?
3, 47
Suppose -92 + 2 = 5*l. Let n be l/3*(-4)/2. Suppose n*k = 11*k + 55. What are the prime factors of k?
5, 11
Suppose 0 = t - 91 + 19. Let g = 139 - t. What are the prime factors of g?
67
What are the prime factors of 5*(-3)/6*(-27 + 13)?
5, 7
Let z = 26 - -1. Suppose 3*i + 6 = z. List the prime factors of i.
7
List the prime factors of (16/(-10))/(6*(-21)/105840).
2, 3, 7
Let w = 118 + -137. Let j(s) = 11*s + 6. Let c be j(-4). Let q = w - c. What are the prime factors of q?
19
Let l = -62 - -33. Let x = l - -84. What are the prime factors of x?
5, 11
Let j(k) = -11*k - 3. Let r be j(3). Let w = -3108 - -1623. What are the prime factors of w/r - (-2)/(-8)?
41
Let k be 0 - (-1 - (-3)/(-1)). Suppose 0 = k*w - 19 + 3. Suppose 3*j = -w + 37. List the prime factors of j.
11
Suppose -71*y - 3*i - 2331 = -76*y, -2*y + 922 = 4*i. What are the prime factors of y?
3, 5, 31
Suppose 0 = -3*k - 5*r + 8053, 5*k - 15*r + 13*r - 13463 = 0. What are the prime factors of k?
3, 13, 23
What are the prime factors of 5073/6*(-8)/(-4)?
19, 89
Suppose 0 = -2*t + 3*t - 5*v + 18, 3*v - 22 = -5*t. Suppose 3 = 3*k - t*k. Suppose -6*m + 21 = -4*m - q, -k*m + 54 = 3*q. List the prime factors of m.
13
Let m(k) = 2*k**2 + 14*k + 3. Suppose 5 = -10*n + 5*n. Let y(b) = b + 1. Let a(g) = n*m(g) + 2*y(g). What are the prime factors of a(-5)?
3
Suppose -4*g = 3*g - 245. Let t = g - 10. What are the prime factors of t?
5
Suppose 2*v - 4*x + 0*x - 1720 = 0, -4*x = -5*v + 4300. List the prime factors of v.
2, 5, 43
Let t(n) = -n**2 - 44*n - 149. What are the prime factors of t(-35)?
2, 83
Let y(r) = -6*r + 18. Let q be y(6). Let k = q - -18. Suppose -d + 29 = -t, -5*d - t - t + 117 = k. List the prime factors of d.
5
Suppose -2*c + c = -3*t + 4, 4*c - 32 = -4*t. Suppose -3*p - 3 = 2*w, -p + t*p + 1 = -w. What are the prime factors of w*(-2)/(-2) - -27?
2, 3
Suppose 11*b = 5*b + 24. Let k(r) = r**3 - 2*r**2 + 5*r + 4. What are the prime factors of k(b)?
2, 7
Let k(f) = -3*f**3 - 8*f**2 + 18*f + 77. What are the prime factors of k(-8)?
3, 11, 29
List the prime factors of (-3 - -246 - 3) + 6.
2, 3, 41
Let s(r) = 2*r**2 - r. Let n be s(1). Let d be n - 3 - (-3 - 14). Suppose -3*h = -0*h - d. List the prime factors of h.
5
What are the prime factors of (-304)/(-3800) + (-65623)/(-25)?
3, 5, 7
Let i(h) = 39*h**2 + 8*h + 13. List the prime factors of i(-4).
5, 11
Let j(v) = 80*v**2 - 12*v + 21. List the prime factors of j(2).
317
Let b be ((-4)/(-10))/((-6)/(-30)). Let u be (-3)/(-12)*b*60. List the prime factors of 12/u + 646/10.
5, 13
Let x(v) = 49*v**2 - 11*v - 20. Let w be x(-2). Let h = 9 + w. List the prime factors of h.
3, 23
Let h be 159 - (-3)/((-3)/(-1)). Suppose h = -0*y + 5*y. Suppose g = -g + y. What are the prime factors of g?
2
Suppose 113*l - 111*l - 22 = 0. Let b(t) = -t**2 - 2*t - 1. Let o be b(-3). Let v = o + l. What are the prime factors of v?
7
Let y be 0/(-3) + -1 + 52. Let c = 226 + -219. Suppose y = c*v - 4*v. List the prime factors of v.
17
Let j(d) = 308*d + 2. List the prime factors of j(1).
2, 5, 31
Let z be ((-6)/4)/(6/(-8)). Suppose -9*n - z*n = -44. List the prime factors of n.
2
Let u(q) be the second derivative of 7*q**3/3 + 2*q**2 + 6*q. What are the prime factors of u(5)?
2, 37
Let s be (153/6 - -2)*2. Suppose 2*h + 16 = 10*h. Suppose 5*u + 131 = 5*d - d, -h*d - u = -s. List the prime factors of d.
29
Let n be 7/(7/4) + 1. Suppose 4*s - 81 = 343. Suppose s = 2*x + x + a, -a - 182 = -n*x. List the prime factors of x.
2, 3
Let l(z) = 7*z**2 - 8*z + 9. Let r be l(8). Suppose -262 = -2*w + 4*m, -r = -3*w + 8*m - 4*m. What are the prime factors of w?
131
Let y = 844 - 613. What are the prime factors of y?
3, 7, 11
Suppose 0 = -5*f - 3*k + 1149, -3*k = f + f - 456. Suppose c + j = -c + f, -595 = -5*c + j. List the prime factors of c.
2, 59
Suppose 7*j = -0*j. Let m be (6 - -3)/3 + 33. Suppose j*y + y - m = 0. What are the prime factors of y?
2, 3
Let c = 6 + -5. Let w(x) = -28*x**2 + x. Let q be w(c). Let y = 7 - q. What are the prime factors of y?
2, 17
Let f(u) = -u + 6. Let n(v) = -v**2 - 6*v + 6. Let y be n(-6). Let c be (y + -1)*(-2)/2. What are the prime factors of f(c)?
11
Suppose 12*q - 8172 = 3*q. List the prime factors of q.
2, 227
Suppose -3*x = -4*r + 2*r, 4*r - 20 = -4*x. List the prime factors of (4 - x)/((-8)/(-328)).
2, 41
Let y = 766 + -248. What are the prime factors of y?
2, 7, 37
Suppose -5*p + 24 = -26. Suppose -5*i - p = 0, 2*i = -2*h - i - 82. What are the prime factors of (-10)/(-25) + h/(-5)?
2
Let w(h) be the first derivative of -h**4/4 - 10*h**3/3 - 4*h**2 - h + 26. What are the prime factors of w(-10)?
79
Let k(q) = -1225*q + 210. What are the prime factors of k(-2)?
2, 5, 7, 19
Let p(o) = o**2 - o - 1. Let z be p(4). Suppose z*c = 6*c + 105. List the prime factors of c.
3, 7
Let c = 5318 + -2876. What are the prime factors of c?
2, 3, 11, 37
Suppose s = 4*b - 2*s - 7891, 5916 = 3*b - 3*s. What are the prime factors of b?
5, 79
Suppose -4*i = i + 3*u - 521, -i + 97 = -3*u. Let p = i - 4. What are the prime factors of p?
3, 11
Let r(f) be the first derivative of f**4/4 + 2*f**3/3 - 3*f**2/2 + 12. Let c be r(3). List the prime factors of c - (1 - -3 - 7).
3, 13
Let u(d) = -3*d**3 - 16*d**2 - 9*d - 16. What are the prime factors of u(-7)?
2, 73
Let n be (-1)/(3 - 13/4). Suppose -14 = -2*h - 8. Suppose -4*o - 98 = -2*f, 5*o - 182 = -h*f + n*o. What are the prime factors of f?
59
Let b be 2 + (-3 - -6) + -2. Suppose o + 0*c = c + 10, 2*o = -b*c + 15. What are the prime factors of o/(2 + 4/(-4))?
3
Suppose 6*m + 460 = m. Let i = 101 - 152. Let h = i - m. What are the prime factors of h?
41
Let g = -1752 - -1165. Let p(y) = -y**2 + 5*y + 5. Let x be p(-2). What are the prime factors of (-26)/117 + g/x?
5, 13
Let z = 482 - 259. List the prime factors of z.
223
Suppose -3*y - 12 = 3*d - 6*y, 4*d + 4*y + 32 = 0. List the prime factors of (270/21)/(d/(-28)).
2, 3, 5
List the prime factors of (-2376)/14*(5 - 87/9).
2, 3, 11
Let b = -4 - -4. Let m = 10 - 7. Suppose -2*p = m*k + 2*k - 179, 4*k + p - 142 = b. List the prime factors of k.
5, 7
Let y = 3 + 0. Suppose p - 4*p + 20 = 5*s, -2*s - 4*p = -8. Suppose y*c = -a + 72, 0*a + 104 = s*c + 4*a. List the prime factors of c.
23
Suppose -170 + 44 = h. Let d be (-4)/10 - h/(-35). Let t(a) = -2*a**3 - 4*a**2 + 4*a - 4. What are the prime factors of t(d)?
2, 11
Suppose -3*k = 4*l - 52, -3*k = 2*l - 8*k. Let p = 14 - l. Suppose 0 = -p*f + 28. What are the prime factors of f?
7
Suppose 36*b - 31*b = 5430. List the prime factors of b.
2, 3, 181
Suppose 0 = 102*j - 94*j - 19192. List the prime factors of j.
2399
Let r(w) = 6*w**2 + 15*w - 8. Let b(k) = k**2 + k + 1. Let i(n) = -2*b(n) + r(n). What are the prime factors of i(5)?
5, 31
Let a be 11/2 + 1/(-2). Let r be 18*(-2)/(-2)*a. Suppose 0 = 3*c - 8*c + r. List the prime factors of c.
2, 3
Let y = -33 + 25. Let i(n) = 1. Let g(s) = -9*s + 3. Let o(a) = g(a) - 5*i(a). What are the prime factors of o(y)?
2, 5, 7
Let k = 31 + -6. Let j = -405 - -491. Let w = j - k. What are the prime factors of w?
61
Let s(n) = 21*n - 46. List the prime factors of s(4).
2, 19
Let h = 118 - 84. Suppose 2*y = 3*g - 266, -h = -3*g - y + 229. What are the prime factors of g?
2, 11
Let b(o) = -o**2 + 3. Let j be b(-2). List the prime factors of -3 + j - 116/(-2).
2, 3
Suppose -1798 = -3*q - 5*h, 10*q - 5*q - 2930 = 5*h. What are the prime factors of q?
3, 197
Suppose 5*q = -3*j + 7*j - 16359, 2*j = -2*q + 8166. List the prime factors of j.
2, 3, 227
Let h(o) = 4*o**2 + o - 1. Let q be h(1).